the remainder when t is divided by f?
31
Let l = -2 - -14. Let t = 37 + -81. Calculate the remainder when t/(-1*(0 + 2)) is divided by l.
10
Let b = 8 + -5. Suppose g = b + 9. Suppose -2*j - 30 = 15*l - 16*l, -2*l = -5*j - 58. What is the remainder when l is divided by g?
10
Suppose 5*b + 0*g - 215 = 5*g, -56 = -2*b - 4*g. Suppose 4*y = 86 + b. What is the remainder when y is divided by 16?
15
Let m be (-3 - -2)*(-4 - 61). Let w(b) = -b**2 - 7. Let q be w(-6). Let s = q + m. What is the remainder when s is divided by 8?
6
Suppose -10*t + 7*t + 186 = 0. Let d = 22 - 1. Calculate the remainder when t is divided by d.
20
Calculate the remainder when (-4495)/(-65) - ((-41)/(-13) + -3) is divided by 15.
9
Suppose 4*d - 124 = 44. Let a = d + -9. Calculate the remainder when a is divided by 18.
15
Let y = -1 - -9. Calculate the remainder when 69 is divided by y.
5
Suppose -5*n + 3*x = -87, 2*x = 8*n - 4*n - 68. What is the remainder when n is divided by 9?
6
Let j = -46 - -68. Suppose 0 = -4*y - 5*h - 1, -5 = 2*y - 7*y - 5*h. Calculate the remainder when j is divided by y.
4
Let m(k) = 2*k**2 + 21*k - 14. Calculate the remainder when 65 is divided by m(-12).
21
Calculate the remainder when 0 + (-2)/4*-94 is divided by 29.
18
Let d = 63 + -23. Calculate the remainder when d is divided by 22.
18
Let y = 32 + 28. Suppose -y = -d + 6*d. Let r = 22 + d. Calculate the remainder when 19 is divided by r.
9
Let f(a) = a**3 - a**2 + a + 9. Suppose 0 = -b + l + 12, b = -4*l - 12 + 39. What is the remainder when b is divided by f(0)?
6
Let i = -19 + 32. What is the remainder when 37 is divided by i?
11
Suppose 0 = 3*w + 2*w - 175. Suppose 4*l + 11 = w. Let c = 7 + l. What is the remainder when c is divided by 5?
3
Suppose -n + 48 = x - 5*n, 4*n + 12 = 0. Calculate the remainder when x is divided by 10.
6
Let y(f) = -f**3 - 7*f**2 - 7*f - 2. Let v = 4 + -10. Let c be y(v). Calculate the remainder when ((-26)/c)/(2/(-4)) is divided by 7.
6
Let g = -9 - -24. Let b be (g + -3)*4/(-6). Calculate the remainder when (b/(-6))/((-14)/(-231)) is divided by 6.
4
Let h(x) = 3*x**2 - 8*x - 3. What is the remainder when h(6) is divided by 15?
12
Let g(o) = -o**3 + 8*o**2 - 6*o + 10. Let w = 131 + -66. Calculate the remainder when w is divided by g(7).
14
Let n(k) = k**3 - 4*k**2 - 3*k - 7. Let q be n(5). Suppose q*x = 104 + 82. Let b = -43 - -64. What is the remainder when x is divided by b?
20
Let r be -2*(-4)/16*-2. What is the remainder when 34 is divided by 1 + (-2)/r - -9?
10
Let t(i) = i**3 - i**2 - 3*i + 4. Calculate the remainder when t(3) is divided by 5.
3
Let b = -5 - -7. Suppose -9*j + 4*j = -170. Calculate the remainder when j is divided by b - (0 + 10)/(-1).
10
Suppose -s + 3*v = -7, s - v + 35 = 3*s. Let u = 23 - s. Calculate the remainder when 26 is divided by u.
5
Let i(p) = 2*p + 12. Let g be i(-6). Let j(c) = -c**2 + 14. Calculate the remainder when j(g) is divided by (0 - -2) + (-18)/(-3).
6
Let y(f) = -2*f - 19. Suppose 80 = 5*k + 3*t, -2*k - 3*t + 21 = -2. Calculate the remainder when k is divided by y(-15).
8
Suppose -5*v + 285 = 3*a, 0 = -3*v + 5*a + 76 + 95. What is the remainder when v is divided by 15?
12
Let q(o) = -o**3 - 7*o**2 - 8*o - 1. Let g(a) = -26*a - 9. Let z be g(-5). Suppose -z = -4*p - 41. Calculate the remainder when p is divided by q(-6).
9
Suppose 0*i = 4*i - 12. Let h be (-4)/(1 + (0 - 2)). What is the remainder when h - -2 - 2/(-1) is divided by i?
2
Let k = 67 - 46. Calculate the remainder when 41 is divided by k.
20
Let n be (5 - 1 - 1) + -1. Suppose n*f = 4*f - 6. Suppose -5*i = -5, -4*o - f*i + 13 = -2*i. Calculate the remainder when 8 is divided by o.
2
Suppose 2 = o, -2*t + t + 12 = -4*o. What is the remainder when 38 is divided by t?
18
Let p be (-2 - -10 - 2) + -4. Suppose -a = -p*a + 26. Calculate the remainder when 51 is divided by a.
25
Suppose -4*q - 3*a + 66 = 0, 2*q - 4*a - 11 = 11. Calculate the remainder when q is divided by 4.
3
Let g = -45 - -94. What is the remainder when g is divided by 10?
9
Let b = -3 - 1. Let p = b + 2. Calculate the remainder when 8 is divided by 28/6 + p/(-6).
3
Let r = 4 - 2. Let l be -1 - -1 - (1 + -1). Let o = l + 2. Calculate the remainder when r is divided by o.
0
Let b(z) = z + 7. Calculate the remainder when 47 is divided by b(10).
13
Let o(s) = -s**2 - 11*s - 9. Let c be (2/3)/(10/15). Let u = c - 8. Calculate the remainder when o(u) is divided by 11.
8
Suppose 74*u = 69*u - 25. Let v(a) = -5*a - 5. Let n be v(4). Let q = u - n. Calculate the remainder when q is divided by 11.
9
Let g(f) = -f**2 + 11*f - 4. Calculate the remainder when 79 is divided by g(8).
19
Let j(p) = -p + 9. Suppose -2*v - 15 = 5*u, -3*v = -0*u + u + 3. Calculate the remainder when (-35)/(-2) + (-1)/2 is divided by j(v).
8
Suppose -3*s - 4*u + 528 - 101 = 0, -3*s = -3*u - 462. What is the remainder when s is divided by 15?
14
Suppose -5*i = -10 - 5. Suppose 3*o = -3*q - o, -i*q - 3*o + 3 = 0. Let t = 9 - -1. What is the remainder when t is divided by q?
2
Let s be 1304/32 - (-1)/4. Suppose -3*y + s + 25 = 0. Calculate the remainder when y is divided by 13.
9
Let d(m) = -3*m + 3. Let o be 28/6*6*-2. Let s = -33 - o. Calculate the remainder when s is divided by d(-3).
11
Suppose 2*p - 3 - 3 = 0, -2*q + 2*p = 0. Suppose 20 = h + q*y, -4*h = 4*y - 86 + 22. Suppose k - 16 = -k. Calculate the remainder when h is divided by k.
6
Let r = -9 + -1. What is the remainder when 59 is divided by r*(-5)/(15/6)?
19
Let t = -14 + 17. Suppose 2*q = t*f - 9, -3*f - 5*q + 7 = -2. What is the remainder when 4 is divided by f?
1
Let m = 458 - 452. Let i = 17 - -5. Calculate the remainder when i is divided by m.
4
Suppose -2*a - 33 = -5*c - 9, 5*c + a - 18 = 0. Suppose -t + 16 = -3*b, -104 + 10 = -c*t - 3*b. Let z = 25 - 17. What is the remainder when t is divided by z?
6
Let b = -12 - -33. What is the remainder when 40 is divided by b?
19
Suppose 0*t = -5*t + 115. Calculate the remainder when 67 is divided by t.
21
Calculate the remainder when 179 is divided by 2 + 0/2 + (-1632)/(-48).
35
Let b(m) = 2*m**3 - m. Let o be b(2). Let r = o - 10. Calculate the remainder when 75/r - 2/(-8) is divided by 7.
5
What is the remainder when 0/(-5) + 5 - -83 is divided by 13?
10
Suppose -340 = -6*k + 2*k. Suppose 3 + k = 2*f. Calculate the remainder when f is divided by 23.
21
Suppose u = 7 + 1. What is the remainder when 34 is divided by (u/3)/(10/45)?
10
Suppose 189 = 2*h - 239. What is the remainder when h/6 + (-4)/6 is divided by 14 - -1*(-3 + 1)?
11
Let c = 9 - 12. Calculate the remainder when 3 is divided by (2 - -1) + c + 2.
1
Let x = 482 + -405. Suppose 4*l - 29 - 51 = 0. Calculate the remainder when x is divided by l.
17
Suppose -15 - 10 = -5*u. Suppose 3*q + 3*a = -2*q + 21, -13 = -q - 5*a. Calculate the remainder when u is divided by q.
2
Let w = 215 + -212. Suppose 5*t - 6 = -k, k + 5 = 2*t - 3. What is the remainder when w is divided by t?
1
Let v(t) = 2*t + 7. Let a be v(3). Let i = 13 + a. Calculate the remainder when i is divided by 9.
8
Let q(j) = 2*j + 8. Let x be q(6). Suppose x = 7*y - 2*y. Calculate the remainder when 7 is divided by y.
3
Suppose -y = -3*y + 2*h, 9 = y + 2*h. Suppose -2*o + 0*d + 30 = -y*d, -3*o = -3*d - 45. What is the remainder when o is divided by 3 + -2 - 0 - -3?
3
Let t(p) = -p**3 + 22*p**2 - 19*p - 21. Calculate the remainder when 39 is divided by t(21).
18
Suppose -16 = 3*r - r. Let t(z) = -z + 1. What is the remainder when 17 is divided by t(r)?
8
Suppose 0 = 5*z - 8 - 2. Suppose z + 4 = p. Calculate the remainder when 23 is divided by p.
5
Suppose 3*c - 5*t - 378 = -0*t, 2*t + 252 = 2*c. Calculate the remainder when c is divided by 8.
6
Suppose 79 + 57 = 2*b. What is the remainder when b is divided by (-1 + (-42)/4)/((-24)/48)?
22
Let r(g) = -g**3 + 2*g**2 + 3. Let l be r(3). Let j = -29 - -52. Calculate the remainder when j is divided by (1 - -1)*(-39)/l.
10
Suppose 13 = -3*h + 76. Let f = h + 7. Let q = 25 + -15. What is the remainder when f is divided by q?
8
Let r = -5 - -12. Let w(k) = -2*k**2 + 16*k + 5. What is the remainder when r is divided by w(8)?
2
Let r(x) = x**3 + x**2 + 2*x. Let w = 1 + -1. Suppose 0 = -w*q + 4*q + 3*p - 126, -3*q + 3*p + 84 = 0. What is the remainder when q is d